{"id":368,"date":"2025-03-23T19:53:22","date_gmt":"2025-03-23T19:53:22","guid":{"rendered":"https:\/\/santuariodefatimario.org.br\/?page_id=368"},"modified":"2025-07-27T21:40:18","modified_gmt":"2025-07-27T21:40:18","slug":"horarios-de-funcionamento-do-santuario","status":"publish","type":"page","link":"https:\/\/santuariodefatimario.org.br\/index2.php\/horarios-de-funcionamento-do-santuario\/","title":{"rendered":"Hor\u00e1rios de funcionamento do Santu\u00e1rio"},"content":{"rendered":"\t\t<div data-elementor-type=\"wp-page\" data-elementor-id=\"368\" class=\"elementor elementor-368\">\n\t\t\t\t<div class=\"elementor-element elementor-element-f9ef939 e-flex e-con-boxed wpr-particle-no wpr-jarallax-no wpr-parallax-no wpr-sticky-section-no wpr-equal-height-no e-con e-parent\" data-id=\"f9ef939\" data-element_type=\"container\" data-e-type=\"container\">\n\t\t\t\t\t<div class=\"e-con-inner\">\n\t\t\t\t<div class=\"elementor-element elementor-element-7b263a94 elementor-widget elementor-widget-text-editor\" data-id=\"7b263a94\" data-element_type=\"widget\" data-e-type=\"widget\" data-widget_type=\"text-editor.default\">\n\t\t\t\t<div class=\"elementor-widget-container\">\n\t\t\t\t\t\t\t\t\t\n<h2 class=\"wp-block-heading\">Bem-vindo ao Santu\u00e1rio de Nossa Senhora de F\u00e1tima<\/h2>\n\n<p>Aqui, f\u00e9, devo\u00e7\u00e3o e comunidade se encontram para celebrar momentos de espiritualidade e conex\u00e3o com Deus. Nossa par\u00f3quia est\u00e1 de portas abertas para receber voc\u00ea e sua fam\u00edlia, oferecendo um espa\u00e7o acolhedor de ora\u00e7\u00e3o, reflex\u00e3o e celebra\u00e7\u00e3o. Confira abaixo nossos hor\u00e1rios e participe das atividades que preparamos com carinho.<\/p>\n\n<h2 class=\"wp-block-heading\">Confira os hor\u00e1rios e atividades da par\u00f3quia!<\/h2>\n\n<h3 class=\"wp-block-heading\"><strong>Atendimento na Secretaria<\/strong><\/h3>\n\n<p>A secretaria da par\u00f3quia est\u00e1 dispon\u00edvel para ajudar com informa\u00e7\u00f5es, agendamentos ou quaisquer outras necessidades da comunidade.<\/p>\n\n<ul class=\"wp-block-list\">\n<li><strong>Segunda a sexta-feira:<\/strong> 8h \u00e0s 12h e 13h \u00e0s 17h<\/li>\n\n<li><strong>S\u00e1bado:<\/strong> 8h \u00e0s 12h<\/li>\n<\/ul>\n\n<h3 class=\"wp-block-heading\"><strong>Hor\u00e1rio de Missa<\/strong><\/h3>\n\n<p>Nossas missas acontecem diariamente para fortalecer a f\u00e9 e promover momentos de espiritualidade.<\/p>\n\n<h3 class=\"wp-block-heading\"><strong>Catequese<\/strong><\/h3>\n\n<ul class=\"wp-block-list\">\n<li><strong>Segunda-feira a s\u00e1bado:<\/strong> 8h e 19h<\/li>\n\n<li><strong>Domingo:<\/strong> <strong>Missas no Santu\u00e1rio<\/strong>\n<ul class=\"wp-block-list\">\n<li>7h30<\/li>\n\n<li>9h<\/li>\n\n<li>11h<\/li>\n\n<li>19h<\/li>\n<\/ul>\n<\/li>\n\n<li><strong>Missa na Capela do Bairro de F\u00e1tima:<\/strong>\n<ul class=\"wp-block-list\">\n<li><strong>Domingo:<\/strong> 17h<\/li>\n<\/ul>\n<\/li>\n<\/ul>\n\n<p><strong>Todos os domingos, ap\u00f3s a missa das 9h<\/strong>, nossa par\u00f3quia oferece catequese de Inicia\u00e7\u00e3o Crist\u00e3o para crian\u00e7as, jovens e adultos.<\/p>\n\n<h3 class=\"wp-block-heading\"><strong>Grupo de Ora\u00e7\u00e3o<\/strong><\/h3>\n\n<p>O grupo de ora\u00e7\u00e3o se re\u00fane <strong>todas as quintas-feiras, logo ap\u00f3s a missa das 19h<\/strong>. Um momento especial de louvor e partilha para quem deseja aprofundar sua espiritualidade.<\/p>\n\n<h3 class=\"wp-block-heading\"><strong>Crisma<\/strong><\/h3>\n\n<p>Os encontros de Crisma acontecem todos os <strong>s\u00e1bados \u00e0s 17h<\/strong>, preparando os jovens e adultos para receberem este importante sacramento da igreja.<\/p>\n\n<h3 class=\"wp-block-heading\"><strong>Coral P\u00e9rolas do Santu\u00e1rio de F\u00e1tima<\/strong><\/h3>\n\n<p>O coral, formado por membros talentosos da comunidade, realiza seus ensaios todas as <strong>segundas-feiras \u00e0s 19h<\/strong>. Venha participar conosco!<\/p>\n\n<h3 class=\"wp-block-heading\"><strong>Ter\u00e7o dos Homens<\/strong><\/h3>\n\n<p>A ora\u00e7\u00e3o do Ter\u00e7o dos Homens acontece toda<strong> quarta-feira \u00e0s 18h<\/strong>, fortalecendo a uni\u00e3o e a espiritualidade mariana entre os homens.<\/p>\n\n<h3 class=\"has-medium-font-size\"><strong><mark class=\"has-inline-color has-vivid-cyan-blue-color\" style=\"background-color: rgba(0, 0, 0, 0);\">Apostolado da Ora\u00e7\u00e3o<\/mark><\/strong><\/h3>\n\n<p>Primeira sexta-feira de cada m\u00eas: 18h Adora\u00e7\u00e3o e 19h Santa Missa<\/p>\n\n<h3 class=\"wp-block-heading\"><strong>\u00daltima Quinta-feira de Cada M\u00eas \u2013 Adora\u00e7\u00e3o ao Sant\u00edssimo<\/strong><\/h3>\n\n<p>A \u00faltima quinta-feira do m\u00eas \u00e9 reservada para a adora\u00e7\u00e3o ao Sant\u00edssimo Sacramento, um momento especial de ora\u00e7\u00e3o e reflex\u00e3o<\/p>\n\n<ul class=\"wp-block-list\">\n<li><strong>Hor\u00e1rio:<\/strong> 8:30h \u00e0s 18:30h<\/li>\n<\/ul>\n\n<p><strong>Festa de Nossa Senhora de F\u00e1tima<\/strong><\/p>\n\n<p>Celebra\u00e7\u00f5es dedicadas \u00e0 nossa padroeira, um momento de grande devo\u00e7\u00e3o e comunh\u00e3o.<\/p>\n\n<ul class=\"wp-block-list\">\n<li><strong>Datas Especiais:<\/strong>\n<ul class=\"wp-block-list\">\n<li>13 de maio e 13 de outubro &#8211; Festa da padroeira<\/li>\n\n<li>Dia 13 de cada m\u00eas: Missa \u00e0s 15h em honra a Nossa Senhora de F\u00e1tima<\/li>\n\n<li>Dia 13 de cada m\u00eas \u00e0s 16h adora\u00e7\u00e3o e b\u00ean\u00e7\u00e3o do Sant\u00edssimo Sacramento<\/li>\n\n<li>Primeiro s\u00e1bado de cada m\u00eas: 08:30h Adora\u00e7\u00e3o e Desagravo a Nossa Senhora<\/li>\n<\/ul>\n<\/li>\n<\/ul>\n\n<p>\u00a0<\/p>\n\t\t\t\t\t\t\t\t<\/div>\n\t\t\t\t<\/div>\n\t\t\t\t\t<\/div>\n\t\t\t\t<\/div>\n\t\t\t\t<\/div>\n\t\t","protected":false},"excerpt":{"rendered":"<p>Bem-vindo ao Santu\u00e1rio de Nossa Senhora de F\u00e1tima Aqui, f\u00e9, devo\u00e7\u00e3o e comunidade se encontram para celebrar momentos de espiritualidade e conex\u00e3o com Deus. Nossa&hellip;<\/p>\n","protected":false},"author":2,"featured_media":0,"parent":0,"menu_order":0,"comment_status":"closed","ping_status":"closed","template":"","meta":{"footnotes":""},"class_list":["post-368","page","type-page","status-publish","hentry"],"_links":{"self":[{"href":"https:\/\/santuariodefatimario.org.br\/index2.php\/wp-json\/wp\/v2\/pages\/368","targetHints":{"allow":["GET"]}}],"collection":[{"href":"https:\/\/santuariodefatimario.org.br\/index2.php\/wp-json\/wp\/v2\/pages"}],"about":[{"href":"https:\/\/santuariodefatimario.org.br\/index2.php\/wp-json\/wp\/v2\/types\/page"}],"author":[{"embeddable":true,"href":"https:\/\/santuariodefatimario.org.br\/index2.php\/wp-json\/wp\/v2\/users\/2"}],"replies":[{"embeddable":true,"href":"https:\/\/santuariodefatimario.org.br\/index2.php\/wp-json\/wp\/v2\/comments?post=368"}],"version-history":[{"count":13,"href":"https:\/\/santuariodefatimario.org.br\/index2.php\/wp-json\/wp\/v2\/pages\/368\/revisions"}],"predecessor-version":[{"id":1095,"href":"https:\/\/santuariodefatimario.org.br\/index2.php\/wp-json\/wp\/v2\/pages\/368\/revisions\/1095"}],"wp:attachment":[{"href":"https:\/\/santuariodefatimario.org.br\/index2.php\/wp-json\/wp\/v2\/media?parent=368"}],"curies":[{"name":"wp","href":"https:\/\/api.w.org\/{rel}","templated":true}]}}