{"id":39,"date":"2025-02-28T18:54:07","date_gmt":"2025-02-28T18:54:07","guid":{"rendered":"https:\/\/santuariodefatimario.org.br\/?page_id=39"},"modified":"2025-07-27T21:36:23","modified_gmt":"2025-07-27T21:36:23","slug":"historia-de-nossa-senhora","status":"publish","type":"page","link":"https:\/\/santuariodefatimario.org.br\/index2.php\/historia-de-nossa-senhora\/","title":{"rendered":"Hist\u00f3ria de Nossa Senhora"},"content":{"rendered":"\t\t<div data-elementor-type=\"wp-page\" data-elementor-id=\"39\" class=\"elementor elementor-39\">\n\t\t\t\t<div class=\"elementor-element elementor-element-77e737f2 e-flex e-con-boxed wpr-particle-no wpr-jarallax-no wpr-parallax-no wpr-sticky-section-no wpr-equal-height-no e-con e-parent\" data-id=\"77e737f2\" data-element_type=\"container\" data-e-type=\"container\">\n\t\t\t\t\t<div class=\"e-con-inner\">\n\t\t\t\t<div class=\"elementor-element elementor-element-6ed9f731 elementor-widget elementor-widget-text-editor\" data-id=\"6ed9f731\" data-element_type=\"widget\" data-e-type=\"widget\" data-widget_type=\"text-editor.default\">\n\t\t\t\t<div class=\"elementor-widget-container\">\n\t\t\t\t\t\t\t\t\t\n<p>\u00a0<\/p>\n\n<h3 class=\"wp-block-heading\"><strong>Cap\u00edtulo 1: A Apari\u00e7\u00e3o de Nossa Senhora de F\u00e1tima<\/strong><\/h3>\n\n<p>Nossa Senhora de F\u00e1tima \u00e9 uma das invoca\u00e7\u00f5es marianas atribu\u00eddas \u00e0 Virgem Maria e que surgiu com base nos relatos das apari\u00e7\u00f5es reportadas por tr\u00eas pastorinhos no lugar da Cova da Iria, na freguesia de F\u00e1tima, em Portugal.<br \/>De acordo com os testemunhos das tr\u00eas crian\u00e7as videntes de Nossa Senhora, a primeira apari\u00e7\u00e3o da Virgem Maria ocorreu no dia 13 de maio de 1917 e o fen\u00f4meno repetiu-se durante seis meses seguidos, sempre no dia 13 (exceto no m\u00eas de agosto, que foi no dia 19), at\u00e9 13 de outubro de 1917.<\/p>\n\n<h3 class=\"wp-block-heading\"><strong>Cap\u00edtulo 2: O Encontro com a Senhora do C\u00e9u<\/strong><\/h3>\n\n<p>No come\u00e7o, as crian\u00e7as se assustaram com aquela Senhora que apareceu rodeada de claridade fulgurante. Mas Nossa Senhora de F\u00e1tima disse para n\u00e3o terem medo, pois ela era do C\u00e9u. E pediu que as crian\u00e7as rezassem o ter\u00e7o todos os dias para alcan\u00e7arem a paz e o fim da guerra. Desde ent\u00e3o, a apari\u00e7\u00e3o mariana identificou-se como sendo \u201ca Senhora do Ros\u00e1rio\u201d, tendo sido, por esse motivo, feita eclesiasticamente a combina\u00e7\u00e3o dos seus dois t\u00edtulos, que deu origem a Nossa Senhora do Ros\u00e1rio de F\u00e1tima. Segundo os relatos, a mensagem que a Virgem Maria apresentou em F\u00e1tima foi, na verdade, um insistente pedido de ora\u00e7\u00e3o, nomeadamente a ora\u00e7\u00e3o do Santo Ros\u00e1rio.<\/p>\n\n<h3 class=\"wp-block-heading\"><strong>Cap\u00edtulo 3: A Persegui\u00e7\u00e3o \u00e0s Crian\u00e7as<\/strong><\/h3>\n\n<p>Inicialmente, as pessoas tiveram dificuldades em acreditar no testemunho das crian\u00e7as. Prova disso, na segunda apari\u00e7\u00e3o, somente 50 pessoas estavam presentes para tentar ver alguma coisa. Depois, as crian\u00e7as sofreram grandes persegui\u00e7\u00f5es por parte dos poderes p\u00fablicos. Chegaram a ser at\u00e9 presas na delegacia de F\u00e1tima, mas nunca negaram as apari\u00e7\u00f5es. Nossa Senhora disse \u00e0s crian\u00e7as: \u201cQuando rezarem o ter\u00e7o, digam ap\u00f3s cada mist\u00e9rio; \u00f3 meu Jesus, perdoai-nos, livrai-nos do fogo do inferno, levai as almas todas para o C\u00e9u, principalmente aquelas que mais precisarem.\u201d<\/p>\n\n<h3 class=\"wp-block-heading\"><strong>Cap\u00edtulo 4: A Multiplica\u00e7\u00e3o da F\u00e9<\/strong><\/h3>\n\n<p>Ap\u00f3s a terceira apari\u00e7\u00e3o, o povo come\u00e7ou a acreditar, e cada vez mais pessoas se aglomeravam, chegando a mais de trinta mil na \u00faltima apari\u00e7\u00e3o.<\/p>\n\n<h3 class=\"wp-block-heading\"><strong>Cap\u00edtulo 5: O Milagre do Sol<\/strong><\/h3>\n\n<p>Na sexta apari\u00e7\u00e3o, a Virgem de F\u00e1tima disse a L\u00facia que naquele local, com o dinheiro das doa\u00e7\u00f5es, deveria ser constru\u00edda uma capela com o nome de Nossa Senhora do Ros\u00e1rio. No momento de sua suave despedida, o sol apareceu entre as nuvens como um grande disco prateado, brilhando muito, mas sem cegar as pessoas. Come\u00e7ou a girar vertiginosamente e suas bordas se tornaram avermelhadas, espalhando raios de fogo, de modo que sua luz refletia nas pessoas e nas \u00e1rvores, sendo vista at\u00e9 quarenta quil\u00f4metros de dist\u00e2ncia do local das apari\u00e7\u00f5es.<br \/>Por tr\u00eas vezes, o sol girou e se precipitou sobre a terra, e todos, com medo, pediam perd\u00e3o para Deus. O milagre durou cerca de dez minutos. A partir desses acontecimentos, a devo\u00e7\u00e3o a Nossa Senhora do Ros\u00e1rio de F\u00e1tima aumentou e se difundiu para o mundo todo, chegando muito rapidamente ao Brasil, onde encontrou padres orionitas. Com o apoio de S\u00e3o Lu\u00eds Orione, eles iniciaram a constru\u00e7\u00e3o de um Santu\u00e1rio dedicado a Nossa Senhora de F\u00e1tima, no centro do Rio de Janeiro, em 1939.<\/p>\n\n<figure class=\"wp-block-image size-full\"><img fetchpriority=\"high\" decoding=\"async\" width=\"640\" height=\"479\" class=\"wp-image-378 aligncenter\" src=\"https:\/\/santuariodefatimario.org.br\/wp-content\/uploads\/2025\/03\/image-1.png\" alt=\"\" srcset=\"https:\/\/santuariodefatimario.org.br\/wp-content\/uploads\/2025\/03\/image-1.png 640w, https:\/\/santuariodefatimario.org.br\/wp-content\/uploads\/2025\/03\/image-1-300x225.png 300w\" sizes=\"(max-width: 640px) 100vw, 640px\" \/><\/figure>\n\n<h3 class=\"wp-block-heading\"><strong>Cap\u00edtulo 6: Ora\u00e7\u00e3o a Nossa Senhora de F\u00e1tima<\/strong><\/h3>\n\n<p><strong>Oremos a Nossa Senhora de F\u00e1tima<\/strong><br \/>Sant\u00edssima Virgem, que nos montes de F\u00e1tima<br \/>vos dignastes revelar aos tr\u00eas pastorinhos<br \/>os tesouros de gra\u00e7as que podemos alcan\u00e7ar, rezando o santo Ros\u00e1rio,<br \/>ajudai-nos a apreciar sempre mais<br \/>esta santa ora\u00e7\u00e3o, a fim de que, meditando os mist\u00e9rios da nossa reden\u00e7\u00e3o, alcancemos as gra\u00e7as que insistentemente vos pedimos (pedir a gra\u00e7a).<\/p>\n\n<p>\u00d3 meu bom Jesus, perdoai-nos, livrai-nos do fogo do inferno,<br \/>levai as almas todas para o c\u00e9u e socorrei principalmente as que mais precisarem.<\/p>\n\n<p>Nossa Senhora do Ros\u00e1rio de F\u00e1tima,<br \/>rogai por n\u00f3s.<\/p>\n\t\t\t\t\t\t\t\t<\/div>\n\t\t\t\t<\/div>\n\t\t\t\t\t<\/div>\n\t\t\t\t<\/div>\n\t\t\t\t<\/div>\n\t\t","protected":false},"excerpt":{"rendered":"<p>\u00a0 Cap\u00edtulo 1: A Apari\u00e7\u00e3o de Nossa Senhora de F\u00e1tima Nossa Senhora de F\u00e1tima \u00e9 uma das invoca\u00e7\u00f5es marianas atribu\u00eddas \u00e0 Virgem Maria e que&hellip;<\/p>\n","protected":false},"author":1,"featured_media":0,"parent":0,"menu_order":0,"comment_status":"closed","ping_status":"closed","template":"","meta":{"footnotes":""},"class_list":["post-39","page","type-page","status-publish","hentry"],"_links":{"self":[{"href":"https:\/\/santuariodefatimario.org.br\/index2.php\/wp-json\/wp\/v2\/pages\/39","targetHints":{"allow":["GET"]}}],"collection":[{"href":"https:\/\/santuariodefatimario.org.br\/index2.php\/wp-json\/wp\/v2\/pages"}],"about":[{"href":"https:\/\/santuariodefatimario.org.br\/index2.php\/wp-json\/wp\/v2\/types\/page"}],"author":[{"embeddable":true,"href":"https:\/\/santuariodefatimario.org.br\/index2.php\/wp-json\/wp\/v2\/users\/1"}],"replies":[{"embeddable":true,"href":"https:\/\/santuariodefatimario.org.br\/index2.php\/wp-json\/wp\/v2\/comments?post=39"}],"version-history":[{"count":6,"href":"https:\/\/santuariodefatimario.org.br\/index2.php\/wp-json\/wp\/v2\/pages\/39\/revisions"}],"predecessor-version":[{"id":1088,"href":"https:\/\/santuariodefatimario.org.br\/index2.php\/wp-json\/wp\/v2\/pages\/39\/revisions\/1088"}],"wp:attachment":[{"href":"https:\/\/santuariodefatimario.org.br\/index2.php\/wp-json\/wp\/v2\/media?parent=39"}],"curies":[{"name":"wp","href":"https:\/\/api.w.org\/{rel}","templated":true}]}}