{"id":43,"date":"2025-02-28T18:54:07","date_gmt":"2025-02-28T18:54:07","guid":{"rendered":"https:\/\/santuariodefatimario.org.br\/?page_id=43"},"modified":"2025-07-28T18:47:16","modified_gmt":"2025-07-28T18:47:16","slug":"congregacao-da-pequena-obra-da-divina-providencia","status":"publish","type":"page","link":"https:\/\/santuariodefatimario.org.br\/index2.php\/congregacao-da-pequena-obra-da-divina-providencia\/","title":{"rendered":"Congrega\u00e7\u00e3o da pequena obra da divina providencia"},"content":{"rendered":"\t\t<div data-elementor-type=\"wp-page\" data-elementor-id=\"43\" class=\"elementor elementor-43\">\n\t\t\t\t<div class=\"elementor-element elementor-element-08f6c26 e-flex e-con-boxed wpr-particle-no wpr-jarallax-no wpr-parallax-no wpr-sticky-section-no wpr-equal-height-no e-con e-parent\" data-id=\"08f6c26\" data-element_type=\"container\" data-e-type=\"container\">\n\t\t\t\t\t<div class=\"e-con-inner\">\n\t\t\t\t<div class=\"elementor-element elementor-element-eee912d elementor-widget elementor-widget-text-editor\" data-id=\"eee912d\" data-element_type=\"widget\" data-e-type=\"widget\" data-widget_type=\"text-editor.default\">\n\t\t\t\t<div class=\"elementor-widget-container\">\n\t\t\t\t\t\t\t\t\t<h2 data-start=\"286\" data-end=\"356\"><img decoding=\"async\" class=\" wp-image-968 aligncenter\" src=\"http:\/\/santuariodefatimario.org.br\/wp-content\/uploads\/2023\/10\/Logo_Orionitas-removebg-preview.png\" alt=\"\" width=\"184\" height=\"234\" \/><\/h2><h2 data-start=\"398\" data-end=\"466\"><strong data-start=\"401\" data-end=\"466\">\u00a0 \u00a0Congrega\u00e7\u00e3o da Pequena Obra da Divina Provid\u00eancia\u00a0 \u00a0 \u00a0 \u00a0 \u00a0 \u00a0 \u00a0 \u00a0 \u00a0 \u00a0 \u00a0 \u00a0 \u00a0 \u00a0 \u00a0 \u00a0 \u00a0 \u00a0 \u00a0 \u00a0 \u00a0 \u00a0 (Orionitas)<\/strong><\/h2><p data-start=\"468\" data-end=\"937\">A Congrega\u00e7\u00e3o da Pequena Obra da Divina Provid\u00eancia, conhecida como Orionitas, \u00e9 uma fam\u00edlia religiosa e carism\u00e1tica fundada por S\u00e3o Lu\u00eds Orione, sacerdote italiano canonizado por S\u00e3o Jo\u00e3o Paulo II em 2004. Desde suas origens, a Congrega\u00e7\u00e3o tem como miss\u00e3o principal amar e servir Jesus Cristo nos pobres, nos pequenos, na Igreja e no Papa, vivendo com f\u00e9 radical a confian\u00e7a na Divina Provid\u00eancia e na for\u00e7a transformadora da caridade concreta.<\/p><hr data-start=\"939\" data-end=\"942\" \/><h3 data-start=\"944\" data-end=\"992\"><strong data-start=\"948\" data-end=\"992\">\u00a0 \u00a0 \u00a0 \u00a0 \u00a0 \u00a0 \u00a0 \u00a0 \u00a0 \u00a0 \u00a0 \u00a0 \u00a0Origens humildes e uma inspira\u00e7\u00e3o divina<\/strong><\/h3><p data-start=\"994\" data-end=\"1500\">Lu\u00eds Orione nasceu em 23 de junho de 1872, em Pontecurone, no norte da It\u00e1lia, em uma fam\u00edlia simples e profundamente crist\u00e3. Desde cedo demonstrou sensibilidade espiritual e zelo pelos pobres. Ainda adolescente, ingressou no semin\u00e1rio franciscano e, em seguida, foi aluno do Orat\u00f3rio Salesiano de Valdocco, fundado por S\u00e3o Jo\u00e3o Bosco. Ali, conviveu com o grande educador da juventude e absorveu a espiritualidade do &#8220;Da mihi animas, caetera tolle&#8221; \u2014 \u201cDai-me almas e ficai com o resto\u201d.<\/p><p data-start=\"1502\" data-end=\"1854\">Esse contato com Dom Bosco foi decisivo para o jovem Orione, que sentiu crescer em seu cora\u00e7\u00e3o o desejo de formar uma obra totalmente voltada para os pobres, para a juventude e para a Igreja. Em 1892, ainda seminarista, fundou sua primeira escola para meninos pobres em Tortona, cidade onde mais tarde seria ordenado sacerdote, em 1895.<\/p><hr data-start=\"1856\" data-end=\"1859\" \/><h3 data-start=\"1861\" data-end=\"1900\"><strong data-start=\"1865\" data-end=\"1900\">\u00a0 \u00a0 \u00a0 \u00a0 \u00a0 \u00a0 \u00a0 \u00a0 \u00a0 \u00a0 \u00a0 \u00a0 \u00a0 \u00a0 \u00a0 \u00a0 \u00a0 A funda\u00e7\u00e3o da Obra e sua miss\u00e3o<\/strong><\/h3><p data-start=\"1902\" data-end=\"2299\">Aquela pequena escola, nascida da f\u00e9 e da caridade, logo se transformou em algo maior. Jovens colaboradores e vocacionados foram se juntando ao Padre Orione, formando uma comunidade dedicada ao servi\u00e7o de Deus nos mais pobres. Assim nasceu a Pequena Obra da Divina Provid\u00eancia, nome que expressa a espiritualidade central da congrega\u00e7\u00e3o: a total confian\u00e7a na a\u00e7\u00e3o amorosa e providente de Deus.<\/p><p data-start=\"2301\" data-end=\"2539\">A Obra foi reconhecida oficialmente pela Igreja com <strong data-start=\"2353\" data-end=\"2384\">aprova\u00e7\u00e3o diocesana em 1903<\/strong> e, mais tarde, com <strong data-start=\"2404\" data-end=\"2436\">aprova\u00e7\u00e3o pontif\u00edcia em 1954<\/strong>, consolidando-se como uma congrega\u00e7\u00e3o religiosa com miss\u00e3o apost\u00f3lica, pastoral, social e mission\u00e1ria.<\/p><p data-start=\"2541\" data-end=\"2558\">Dom Orione dizia:<\/p><blockquote data-start=\"2559\" data-end=\"2705\"><p data-start=\"2561\" data-end=\"2705\">\u201c<strong data-start=\"2562\" data-end=\"2704\">Queremos ser servos dos pobres e instrumentos da Divina Provid\u00eancia. A nossa voca\u00e7\u00e3o \u00e9 fazer o bem sempre, o bem a todos, o mal a ningu\u00e9m.<\/strong>\u201d<\/p><\/blockquote><p data-start=\"2707\" data-end=\"2992\">Por isso, os orionitas se dedicam \u00e0 evangeliza\u00e7\u00e3o atrav\u00e9s da caridade, atuando em <strong data-start=\"2789\" data-end=\"2941\">orfanatos, casas de acolhida, escolas, hospitais, lares para idosos, centros para pessoas com defici\u00eancia, par\u00f3quias, santu\u00e1rios e miss\u00f5es populares<\/strong>, sempre com esp\u00edrito de humildade, amor e servi\u00e7o.<\/p><hr data-start=\"2994\" data-end=\"2997\" \/><h3 data-start=\"2999\" data-end=\"3037\"><strong data-start=\"3003\" data-end=\"3037\">\u00a0 \u00a0 \u00a0 \u00a0 \u00a0 \u00a0 \u00a0 \u00a0 \u00a0 \u00a0 \u00a0 \u00a0 \u00a0 \u00a0 \u00a0 \u00a0 \u00a0 \u00a0 \u00a0 \u00a0A Fam\u00edlia Carism\u00e1tica Orionita<\/strong><\/h3><p data-start=\"3039\" data-end=\"3343\">A partir da obra fundada por Dom Orione, formou-se ao longo do tempo uma verdadeira Fam\u00edlia Carism\u00e1tica, com diversos ramos e express\u00f5es de consagra\u00e7\u00e3o e participa\u00e7\u00e3o, todos vivenciando o mesmo ideal: <strong data-start=\"3244\" data-end=\"3277\">&#8220;Instaurare omnia in Christo&#8221;<\/strong> \u2014 \u201cRestaurar todas as coisas em Cristo\u201d, lema de S\u00e3o Lu\u00eds Orione.<\/p><h4 data-start=\"3345\" data-end=\"3378\"><strong data-start=\"3350\" data-end=\"3378\">Ramos Religiosos da Obra<\/strong><\/h4><ul data-start=\"3380\" data-end=\"4140\"><li data-start=\"3380\" data-end=\"3630\"><p data-start=\"3382\" data-end=\"3630\"><strong data-start=\"3382\" data-end=\"3421\">Filhos da Divina Provid\u00eancia (FDP):<\/strong><br data-start=\"3421\" data-end=\"3424\" \/>S\u00e3o os <strong data-start=\"3433\" data-end=\"3467\">sacerdotes e irm\u00e3os religiosos<\/strong> consagrados pela profiss\u00e3o dos votos de pobreza, castidade e obedi\u00eancia. Vivem em comunidades e se dedicam \u00e0 vida pastoral, educativa, assistencial e mission\u00e1ria.<\/p><\/li><li data-start=\"3632\" data-end=\"3901\"><p data-start=\"3634\" data-end=\"3901\"><strong data-start=\"3634\" data-end=\"3702\">Pequenas Irm\u00e3s Missionarias da Caridade \u2013 Irm\u00e3s Orionitas (PIMC.):<\/strong><br data-start=\"3702\" data-end=\"3705\" \/>Congrega\u00e7\u00e3o feminina fundada com o mesmo esp\u00edrito, composta por <strong data-start=\"3771\" data-end=\"3797\">religiosas consagradas<\/strong> ao servi\u00e7o da caridade, da educa\u00e7\u00e3o e da evangeliza\u00e7\u00e3o, sobretudo entre os pobres, doentes e exclu\u00eddos.<\/p><\/li><li data-start=\"3903\" data-end=\"4140\"><p data-start=\"3905\" data-end=\"4140\"><strong data-start=\"3905\" data-end=\"3933\">Eremitas de S\u00e3o Alberto:<\/strong><br data-start=\"3933\" data-end=\"3936\" \/>Inspirados na tradi\u00e7\u00e3o mon\u00e1stica e no esp\u00edrito de Dom Orione, vivem uma <strong data-start=\"4010\" data-end=\"4051\">vida de clausura, ora\u00e7\u00e3o e penit\u00eancia<\/strong>, oferecendo-se como intercessores silenciosos por toda a Obra e pela salva\u00e7\u00e3o das almas.<\/p><\/li><\/ul><hr data-start=\"4142\" data-end=\"4145\" \/><h3 data-start=\"4147\" data-end=\"4176\"><strong data-start=\"4151\" data-end=\"4176\">Ramos Laicais da Obra<\/strong><\/h3><ul data-start=\"4178\" data-end=\"5019\"><li data-start=\"4178\" data-end=\"4483\"><p data-start=\"4180\" data-end=\"4483\"><strong data-start=\"4180\" data-end=\"4216\">Movimento Laical Orionita (MLO):<\/strong><br data-start=\"4216\" data-end=\"4219\" \/>Formado por <strong data-start=\"4233\" data-end=\"4298\">leigos e leigas que desejam viver o carisma orionita no mundo<\/strong>, em suas fam\u00edlias, profiss\u00f5es e comunidades. S\u00e3o evangelizadores pela presen\u00e7a crist\u00e3 e pelo testemunho de f\u00e9 e caridade, atuando nas obras da Obra e promovendo a\u00e7\u00f5es de solidariedade.<\/p><\/li><li data-start=\"4485\" data-end=\"4725\"><p data-start=\"4487\" data-end=\"4725\"><strong data-start=\"4487\" data-end=\"4524\">Movimento Juvenil Orionita (MJO):<\/strong><br data-start=\"4524\" data-end=\"4527\" \/>Voltado para <strong data-start=\"4542\" data-end=\"4577\">crian\u00e7as, adolescentes e jovens<\/strong>, o MJO oferece forma\u00e7\u00e3o espiritual, conviv\u00eancia, servi\u00e7o e protagonismo, ajudando os jovens a descobrir sua voca\u00e7\u00e3o \u00e0 luz do carisma de Dom Orione.<\/p><\/li><li data-start=\"4727\" data-end=\"5019\"><p data-start=\"4729\" data-end=\"5019\"><strong data-start=\"4729\" data-end=\"4766\">Instituto Secular Orionita (ISO):<\/strong><br data-start=\"4766\" data-end=\"4769\" \/>Trata-se de um ramo de <strong data-start=\"4794\" data-end=\"4816\">leigos consagrados<\/strong>, homens e mulheres que professam os conselhos evang\u00e9licos (castidade, pobreza e obedi\u00eancia), mas vivem no mundo, mantendo sua vida profissional e social, sendo fermento crist\u00e3o nas realidades seculares.<\/p><\/li><\/ul><hr data-start=\"5021\" data-end=\"5024\" \/><h3 data-start=\"5026\" data-end=\"5062\"><strong data-start=\"5030\" data-end=\"5062\">\u00a0 \u00a0 \u00a0 \u00a0 \u00a0 \u00a0 \u00a0 \u00a0 \u00a0 \u00a0 \u00a0 \u00a0 \u00a0 \u00a0 \u00a0 \u00a0 \u00a0 \u00a0 \u00a0Expans\u00e3o e presen\u00e7a no mundo<\/strong><\/h3><p data-start=\"5064\" data-end=\"5370\">A <strong data-start=\"5066\" data-end=\"5097\">Presen\u00e7a Orionita no Brasil<\/strong> come\u00e7ou em <strong data-start=\"5109\" data-end=\"5117\">1913<\/strong>, sendo o primeiro pa\u00eds fora da Europa a receber mission\u00e1rios da Obra. Desde ent\u00e3o, a Congrega\u00e7\u00e3o se espalhou por diversas regi\u00f5es do pa\u00eds, especialmente entre os mais pobres, atuando com vigor nas \u00e1reas educacional, social, paroquial e mission\u00e1ria.<\/p><p data-start=\"5372\" data-end=\"5537\">Atualmente, os Orionitas est\u00e3o presentes em <strong data-start=\"5416\" data-end=\"5437\">mais de 30 pa\u00edses<\/strong>, nos cinco continentes, com comunidades e obras que mant\u00eam viva a miss\u00e3o confiada por Dom Orione:<\/p><blockquote data-start=\"5538\" data-end=\"5625\"><p data-start=\"5540\" data-end=\"5625\">\u201c<strong data-start=\"5541\" data-end=\"5624\">Levar os pequenos, os pobres e o povo \u00e0 Igreja e ao Papa, por meio da caridade.<\/strong>\u201d<\/p><\/blockquote><hr data-start=\"5627\" data-end=\"5630\" \/><p data-start=\"5632\" data-end=\"5971\">A Congrega\u00e7\u00e3o da Pequena Obra da Divina Provid\u00eancia continua, mais de um s\u00e9culo ap\u00f3s sua funda\u00e7\u00e3o, como sinal do amor providente de Deus, reunindo pessoas de todas as idades e estados de vida que desejam viver a f\u00e9 com alegria, simplicidade e esp\u00edrito mission\u00e1rio, servindo com generosidade a Igreja e os mais necessitados.<\/p>\t\t\t\t\t\t\t\t<\/div>\n\t\t\t\t<\/div>\n\t\t\t\t\t<\/div>\n\t\t\t\t<\/div>\n\t\t\t\t<\/div>\n\t\t","protected":false},"excerpt":{"rendered":"<p>\u00a0 \u00a0Congrega\u00e7\u00e3o da Pequena Obra da Divina Provid\u00eancia\u00a0 \u00a0 \u00a0 \u00a0 \u00a0 \u00a0 \u00a0 \u00a0 \u00a0 \u00a0 \u00a0 \u00a0 \u00a0 \u00a0 \u00a0 \u00a0 \u00a0 \u00a0&hellip;<\/p>\n","protected":false},"author":1,"featured_media":0,"parent":0,"menu_order":0,"comment_status":"closed","ping_status":"closed","template":"","meta":{"footnotes":""},"class_list":["post-43","page","type-page","status-publish","hentry"],"_links":{"self":[{"href":"https:\/\/santuariodefatimario.org.br\/index2.php\/wp-json\/wp\/v2\/pages\/43","targetHints":{"allow":["GET"]}}],"collection":[{"href":"https:\/\/santuariodefatimario.org.br\/index2.php\/wp-json\/wp\/v2\/pages"}],"about":[{"href":"https:\/\/santuariodefatimario.org.br\/index2.php\/wp-json\/wp\/v2\/types\/page"}],"author":[{"embeddable":true,"href":"https:\/\/santuariodefatimario.org.br\/index2.php\/wp-json\/wp\/v2\/users\/1"}],"replies":[{"embeddable":true,"href":"https:\/\/santuariodefatimario.org.br\/index2.php\/wp-json\/wp\/v2\/comments?post=43"}],"version-history":[{"count":7,"href":"https:\/\/santuariodefatimario.org.br\/index2.php\/wp-json\/wp\/v2\/pages\/43\/revisions"}],"predecessor-version":[{"id":1180,"href":"https:\/\/santuariodefatimario.org.br\/index2.php\/wp-json\/wp\/v2\/pages\/43\/revisions\/1180"}],"wp:attachment":[{"href":"https:\/\/santuariodefatimario.org.br\/index2.php\/wp-json\/wp\/v2\/media?parent=43"}],"curies":[{"name":"wp","href":"https:\/\/api.w.org\/{rel}","templated":true}]}}