{"id":47,"date":"2025-02-28T18:54:07","date_gmt":"2025-02-28T18:54:07","guid":{"rendered":"https:\/\/santuariodefatimario.org.br\/?page_id=47"},"modified":"2025-07-31T14:40:24","modified_gmt":"2025-07-31T14:40:24","slug":"coroinhas","status":"publish","type":"page","link":"https:\/\/santuariodefatimario.org.br\/index2.php\/coroinhas\/","title":{"rendered":"Coroinhas"},"content":{"rendered":"\t\t<div data-elementor-type=\"wp-page\" data-elementor-id=\"47\" class=\"elementor elementor-47\">\n\t\t\t\t<div class=\"elementor-element elementor-element-6989a29c e-flex e-con-boxed wpr-particle-no wpr-jarallax-no wpr-parallax-no wpr-sticky-section-no wpr-equal-height-no e-con e-parent\" data-id=\"6989a29c\" data-element_type=\"container\" data-e-type=\"container\">\n\t\t\t\t\t<div class=\"e-con-inner\">\n\t\t\t\t<div class=\"elementor-element elementor-element-6ecfae04 elementor-widget elementor-widget-text-editor\" data-id=\"6ecfae04\" data-element_type=\"widget\" data-e-type=\"widget\" data-widget_type=\"text-editor.default\">\n\t\t\t\t<div class=\"elementor-widget-container\">\n\t\t\t\t\t\t\t\t\t\n<p><img decoding=\"async\" class=\"aligncenter\" src=\"https:\/\/seashell-zebra-730008.hostingersite.com\/wp-content\/uploads\/2019\/06\/sao-tarcisio.jpg\" srcset=\"https:\/\/seashell-zebra-730008.hostingersite.com\/wp-content\/uploads\/2019\/06\/sao-tarcisio.jpg 413w, https:\/\/seashell-zebra-730008.hostingersite.com\/wp-content\/uploads\/2019\/06\/sao-tarcisio-207x300.jpg 207w\" alt=\"\" width=\"164\" height=\"239\" \/>A Pastoral dos Coroinhas tem o objetivo de despertar as crian\u00e7as\u00a0e os adolescentes para o verdadeiro amor e respeito a Sagrada Eucaristia, levando-os a uma verdadeira espiritualidade, formando os futuros l\u00edderes de nossas comunidades e pastorais.<strong>\u00a0<\/strong><\/p>\n\n<p class=\"has-text-align-center has-large-font-size\"><strong><mark class=\"has-inline-color has-vivid-cyan-blue-color\" style=\"background-color: rgba(0, 0, 0, 0);\">Objetivo Geral<\/mark><\/strong><\/p>\n\n<ul class=\"wp-block-list\">\n<li>Ajudar nas\u00a0missas\u00a0e outros servi\u00e7os lit\u00fargicos quando solicitados<\/li>\n\n<li>Servir ao altar e auxiliar ao\u00a0sacerdote\u00a0nas missas e outras celebra\u00e7\u00f5es;<\/li>\n\n<li>Recepcionar os fi\u00e9is que chegam para as celebra\u00e7\u00f5es;<\/li>\n<\/ul>\n\n<p class=\"has-text-align-center has-large-font-size\"><strong><mark class=\"has-inline-color has-vivid-cyan-blue-color\" style=\"background-color: rgba(0, 0, 0, 0);\">Para ser coroinha \u00e9 preciso<\/mark><\/strong><\/p>\n\n<ul class=\"wp-block-list\">\n<li>Ser dispon\u00edvel para Deus, assumindo\u00a0compromisso\u00a0na comunidade com\u00a0\u00a0\u00a0\u00a0responsabilidade;<\/li>\n\n<li>Esfor\u00e7ar-se para ser bom, procurando viver o que Jesus viveu;<\/li>\n\n<li>Ter boa\u00a0postura, respeito para com os minist\u00e9rios, respeito para com o sacerdote e aten\u00e7\u00e3o para com os fi\u00e9is da\u00a0assembleia, respeito para com os objetos\u00a0lit\u00fargicos\u00a0e\u00a0o presbit\u00e9rio;<\/li>\n\n<li>Estar\u00a0disposto\u00a0a\u00a0promover a uni\u00e3o, compreens\u00e3o, confian\u00e7a e estima\u00a0no grupo e na comunidade;<\/li>\n\n<li>Se voc\u00ea crian\u00e7a ou adolescente sentir\u00a0vontade de participar\u00a0mais ativamente em nossa comunidade do Santu\u00e1rio entre em contato com nossa pastoral.<\/li>\n<\/ul>\n\n<p><strong>Coordenadora<\/strong>: Maria Angela de Melo Silva<strong>\u00a0<\/strong>\u00a0<strong>Email:\u00a0<\/strong>angelamelo26@gmail.com<\/p>\n\n<p><strong>Encontros<\/strong><\/p>\n\n<p>1\u00ba s\u00e1bado de cada\u00a0m\u00eas, \u00e0s 16h00<\/p>\n\n<p>\u00a0<\/p>\n\t\t\t\t\t\t\t\t<\/div>\n\t\t\t\t<\/div>\n\t\t\t\t\t<\/div>\n\t\t\t\t<\/div>\n\t\t<div class=\"elementor-element elementor-element-736499c e-flex e-con-boxed wpr-particle-no wpr-jarallax-no wpr-parallax-no wpr-sticky-section-no wpr-equal-height-no e-con e-parent\" data-id=\"736499c\" data-element_type=\"container\" data-e-type=\"container\">\n\t\t\t\t\t<div class=\"e-con-inner\">\n\t\t\t\t<div class=\"elementor-element elementor-element-5fd340c gallery-spacing-custom elementor-widget__width-initial elementor-widget elementor-widget-image-gallery\" data-id=\"5fd340c\" data-element_type=\"widget\" data-e-type=\"widget\" data-widget_type=\"image-gallery.default\">\n\t\t\t\t<div class=\"elementor-widget-container\">\n\t\t\t\t\t\t\t<div class=\"elementor-image-gallery\">\n\t\t\t<div id='gallery-1' class='gallery galleryid-47 gallery-columns-3 gallery-size-post-category-slider-size'><figure class='gallery-item'>\n\t\t\t<div class='gallery-icon landscape'>\n\t\t\t\t<a data-elementor-open-lightbox=\"yes\" data-elementor-lightbox-slideshow=\"5fd340c\" data-elementor-lightbox-title=\"C1\" data-e-action-hash=\"#elementor-action%3Aaction%3Dlightbox%26settings%3DeyJpZCI6MTIzMSwidXJsIjoiaHR0cHM6XC9cL3NhbnR1YXJpb2RlZmF0aW1hcmlvLm9yZy5iclwvd3AtY29udGVudFwvdXBsb2Fkc1wvMjAyNVwvMDdcL0MxLmpwZyIsInNsaWRlc2hvdyI6IjVmZDM0MGMifQ%3D%3D\" href='https:\/\/santuariodefatimario.org.br\/wp-content\/uploads\/2025\/07\/C1.jpg'><img fetchpriority=\"high\" decoding=\"async\" width=\"330\" height=\"350\" src=\"https:\/\/santuariodefatimario.org.br\/wp-content\/uploads\/2025\/07\/C1-330x350.jpg\" class=\"attachment-post-category-slider-size size-post-category-slider-size\" alt=\"\" \/><\/a>\n\t\t\t<\/div><\/figure><figure class='gallery-item'>\n\t\t\t<div class='gallery-icon landscape'>\n\t\t\t\t<a data-elementor-open-lightbox=\"yes\" data-elementor-lightbox-slideshow=\"5fd340c\" data-elementor-lightbox-title=\"C2\" data-e-action-hash=\"#elementor-action%3Aaction%3Dlightbox%26settings%3DeyJpZCI6MTIzMiwidXJsIjoiaHR0cHM6XC9cL3NhbnR1YXJpb2RlZmF0aW1hcmlvLm9yZy5iclwvd3AtY29udGVudFwvdXBsb2Fkc1wvMjAyNVwvMDdcL0MyLmpwZyIsInNsaWRlc2hvdyI6IjVmZDM0MGMifQ%3D%3D\" href='https:\/\/santuariodefatimario.org.br\/wp-content\/uploads\/2025\/07\/C2.jpg'><img decoding=\"async\" width=\"330\" height=\"350\" src=\"https:\/\/santuariodefatimario.org.br\/wp-content\/uploads\/2025\/07\/C2-330x350.jpg\" class=\"attachment-post-category-slider-size size-post-category-slider-size\" alt=\"\" \/><\/a>\n\t\t\t<\/div><\/figure><figure class='gallery-item'>\n\t\t\t<div class='gallery-icon portrait'>\n\t\t\t\t<a data-elementor-open-lightbox=\"yes\" data-elementor-lightbox-slideshow=\"5fd340c\" data-elementor-lightbox-title=\"C3\" data-e-action-hash=\"#elementor-action%3Aaction%3Dlightbox%26settings%3DeyJpZCI6MTIzMywidXJsIjoiaHR0cHM6XC9cL3NhbnR1YXJpb2RlZmF0aW1hcmlvLm9yZy5iclwvd3AtY29udGVudFwvdXBsb2Fkc1wvMjAyNVwvMDdcL0MzLmpwZyIsInNsaWRlc2hvdyI6IjVmZDM0MGMifQ%3D%3D\" href='https:\/\/santuariodefatimario.org.br\/wp-content\/uploads\/2025\/07\/C3.jpg'><img loading=\"lazy\" decoding=\"async\" width=\"330\" height=\"350\" src=\"https:\/\/santuariodefatimario.org.br\/wp-content\/uploads\/2025\/07\/C3-330x350.jpg\" class=\"attachment-post-category-slider-size size-post-category-slider-size\" alt=\"\" \/><\/a>\n\t\t\t<\/div><\/figure><figure class='gallery-item'>\n\t\t\t<div class='gallery-icon portrait'>\n\t\t\t\t<a data-elementor-open-lightbox=\"yes\" data-elementor-lightbox-slideshow=\"5fd340c\" data-elementor-lightbox-title=\"C4\" data-e-action-hash=\"#elementor-action%3Aaction%3Dlightbox%26settings%3DeyJpZCI6MTIzNCwidXJsIjoiaHR0cHM6XC9cL3NhbnR1YXJpb2RlZmF0aW1hcmlvLm9yZy5iclwvd3AtY29udGVudFwvdXBsb2Fkc1wvMjAyNVwvMDdcL0M0LmpwZyIsInNsaWRlc2hvdyI6IjVmZDM0MGMifQ%3D%3D\" href='https:\/\/santuariodefatimario.org.br\/wp-content\/uploads\/2025\/07\/C4.jpg'><img loading=\"lazy\" decoding=\"async\" width=\"330\" height=\"350\" src=\"https:\/\/santuariodefatimario.org.br\/wp-content\/uploads\/2025\/07\/C4-330x350.jpg\" class=\"attachment-post-category-slider-size size-post-category-slider-size\" alt=\"\" \/><\/a>\n\t\t\t<\/div><\/figure><figure class='gallery-item'>\n\t\t\t<div class='gallery-icon portrait'>\n\t\t\t\t<a data-elementor-open-lightbox=\"yes\" data-elementor-lightbox-slideshow=\"5fd340c\" data-elementor-lightbox-title=\"C5\" data-e-action-hash=\"#elementor-action%3Aaction%3Dlightbox%26settings%3DeyJpZCI6MTIzNSwidXJsIjoiaHR0cHM6XC9cL3NhbnR1YXJpb2RlZmF0aW1hcmlvLm9yZy5iclwvd3AtY29udGVudFwvdXBsb2Fkc1wvMjAyNVwvMDdcL0M1LmpwZyIsInNsaWRlc2hvdyI6IjVmZDM0MGMifQ%3D%3D\" href='https:\/\/santuariodefatimario.org.br\/wp-content\/uploads\/2025\/07\/C5.jpg'><img loading=\"lazy\" decoding=\"async\" width=\"330\" height=\"350\" src=\"https:\/\/santuariodefatimario.org.br\/wp-content\/uploads\/2025\/07\/C5-330x350.jpg\" class=\"attachment-post-category-slider-size size-post-category-slider-size\" alt=\"\" \/><\/a>\n\t\t\t<\/div><\/figure><figure class='gallery-item'>\n\t\t\t<div class='gallery-icon landscape'>\n\t\t\t\t<a data-elementor-open-lightbox=\"yes\" data-elementor-lightbox-slideshow=\"5fd340c\" data-elementor-lightbox-title=\"IMG-20190505-WA0021\" data-e-action-hash=\"#elementor-action%3Aaction%3Dlightbox%26settings%3DeyJpZCI6ODM3LCJ1cmwiOiJodHRwczpcL1wvc2FudHVhcmlvZGVmYXRpbWFyaW8ub3JnLmJyXC93cC1jb250ZW50XC91cGxvYWRzXC8yMDE5XC8wN1wvSU1HLTIwMTkwNTA1LVdBMDAyMS5qcGciLCJzbGlkZXNob3ciOiI1ZmQzNDBjIn0%3D\" href='https:\/\/santuariodefatimario.org.br\/wp-content\/uploads\/2019\/07\/IMG-20190505-WA0021.jpg'><img loading=\"lazy\" decoding=\"async\" width=\"330\" height=\"350\" src=\"https:\/\/santuariodefatimario.org.br\/wp-content\/uploads\/2019\/07\/IMG-20190505-WA0021-330x350.jpg\" class=\"attachment-post-category-slider-size size-post-category-slider-size\" alt=\"\" \/><\/a>\n\t\t\t<\/div><\/figure>\n\t\t<\/div>\n\t\t<\/div>\n\t\t\t\t\t\t<\/div>\n\t\t\t\t<\/div>\n\t\t\t\t\t<\/div>\n\t\t\t\t<\/div>\n\t\t\t\t<\/div>\n\t\t","protected":false},"excerpt":{"rendered":"<p>A Pastoral dos Coroinhas tem o objetivo de despertar as crian\u00e7as\u00a0e os adolescentes para o verdadeiro amor e respeito a Sagrada Eucaristia, levando-os a uma&hellip;<\/p>\n","protected":false},"author":1,"featured_media":0,"parent":0,"menu_order":0,"comment_status":"closed","ping_status":"closed","template":"","meta":{"footnotes":""},"class_list":["post-47","page","type-page","status-publish","hentry"],"_links":{"self":[{"href":"https:\/\/santuariodefatimario.org.br\/index2.php\/wp-json\/wp\/v2\/pages\/47","targetHints":{"allow":["GET"]}}],"collection":[{"href":"https:\/\/santuariodefatimario.org.br\/index2.php\/wp-json\/wp\/v2\/pages"}],"about":[{"href":"https:\/\/santuariodefatimario.org.br\/index2.php\/wp-json\/wp\/v2\/types\/page"}],"author":[{"embeddable":true,"href":"https:\/\/santuariodefatimario.org.br\/index2.php\/wp-json\/wp\/v2\/users\/1"}],"replies":[{"embeddable":true,"href":"https:\/\/santuariodefatimario.org.br\/index2.php\/wp-json\/wp\/v2\/comments?post=47"}],"version-history":[{"count":8,"href":"https:\/\/santuariodefatimario.org.br\/index2.php\/wp-json\/wp\/v2\/pages\/47\/revisions"}],"predecessor-version":[{"id":1238,"href":"https:\/\/santuariodefatimario.org.br\/index2.php\/wp-json\/wp\/v2\/pages\/47\/revisions\/1238"}],"wp:attachment":[{"href":"https:\/\/santuariodefatimario.org.br\/index2.php\/wp-json\/wp\/v2\/media?parent=47"}],"curies":[{"name":"wp","href":"https:\/\/api.w.org\/{rel}","templated":true}]}}